is the highest common factor of 2992 and 8602?
374
What is the greatest common factor of 111536 and 3040?
16
Calculate the greatest common divisor of 465 and 5685.
15
Calculate the greatest common factor of 75 and 4300.
25
What is the greatest common divisor of 74260 and 1504?
188
Calculate the highest common factor of 6944 and 1085.
217
What is the highest common factor of 385 and 54901?
77
What is the highest common factor of 189 and 56997?
27
Calculate the highest common divisor of 2954 and 5579.
7
Calculate the highest common factor of 20 and 776090.
10
Calculate the greatest common factor of 26789 and 141169.
301
Calculate the highest common factor of 99 and 2888853.
33
What is the greatest common divisor of 3328 and 12?
4
What is the greatest common factor of 36706 and 14?
2
What is the highest common divisor of 35280 and 54?
18
Calculate the greatest common divisor of 803 and 319.
11
What is the greatest common factor of 30870 and 2352?
294
What is the highest common divisor of 600 and 45?
15
Calculate the highest common factor of 31745 and 168.
7
Calculate the greatest common factor of 146715 and 45.
15
What is the greatest common factor of 25973 and 114?
19
What is the greatest common factor of 6624 and 5499?
9
Calculate the greatest common factor of 1545 and 285.
15
Calculate the highest common divisor of 7348005 and 315.
315
Calculate the highest common factor of 72 and 22428.
36
Calculate the greatest common factor of 100034 and 88.
22
What is the greatest common factor of 15290 and 234910?
1390
What is the highest common factor of 2043 and 16571?
227
Calculate the greatest common divisor of 162 and 65556.
54
Calculate the greatest common divisor of 140936 and 152.
8
What is the greatest common divisor of 55 and 1015?
5
Calculate the greatest common divisor of 46 and 302726.
46
What is the highest common factor of 9 and 12102282?
9
Calculate the highest common divisor of 5595 and 120.
15
Calculate the highest common divisor of 19380 and 7905.
255
What is the highest common factor of 169444 and 12?
4
What is the highest common divisor of 20120 and 160?
40
Calculate the highest common factor of 15621 and 492.
123
Calculate the highest common divisor of 2034 and 72.
18
What is the greatest common divisor of 21 and 298788?
21
What is the highest common divisor of 261 and 2581?
29
What is the highest common divisor of 28458 and 124?
62
Calculate the highest common factor of 3556 and 308.
28
Calculate the greatest common divisor of 140832 and 864.
864
Calculate the greatest common factor of 2085 and 7152245.
695
What is the greatest common divisor of 4950 and 57?
3
What is the highest common divisor of 4875332 and 110?
22
Calculate the greatest common factor of 112948 and 187.
187
What is the highest common factor of 57621 and 111?
3
What is the highest common factor of 2110 and 970?
10
What is the greatest common factor of 31731 and 231?
21
Calculate the highest common divisor of 46 and 54.
2
Calculate the highest common factor of 7367 and 23213.
139
What is the greatest common factor of 6453492 and 1314?
438
Calculate the highest common factor of 277434 and 18.
18
What is the highest common divisor of 2556 and 542582?
142
Calculate the greatest common divisor of 1050 and 42308.
14
What is the greatest common factor of 38 and 96938?
38
Calculate the highest common factor of 34194 and 48372.
834
What is the highest common factor of 5993 and 53209?
13
What is the highest common divisor of 893 and 14611?
19
What is the highest common factor of 693 and 41328?
63
Calculate the greatest common divisor of 696 and 18038.
58
What is the greatest common factor of 56329 and 39?
13
Calculate the greatest common factor of 348 and 16116.
12
Calculate the greatest common divisor of 11 and 1317503.
11
What is the highest common factor of 20 and 222030?
10
Calculate the highest common divisor of 90041 and 4522.
133
What is the greatest common divisor of 43 and 3443870?
43
What is the highest common factor of 2690 and 3460?
10
Calculate the highest common divisor of 68542 and 1118.
86
What is the highest common divisor of 31280 and 208?
16
Calculate the highest common divisor of 32329 and 374.
11
What is the greatest common factor of 306262 and 286?
22
What is the highest common factor of 3842 and 5650?
226
Calculate the greatest common factor of 370 and 3255445.
185
Calculate the greatest common divisor of 3 and 3957.
3
What is the highest common factor of 3258 and 126?
18
Calculate the highest common divisor of 172 and 248.
4
What is the highest common divisor of 183736 and 136?
136
What is the highest common factor of 1512 and 8224?
8
What is the greatest common factor of 1995 and 114380?
665
Calculate the highest common divisor of 312 and 48867.
39
Calculate the highest common divisor of 803782 and 14.
14
What is the greatest common factor of 2046 and 3428538?
186
What is the greatest common factor of 548 and 158372?
548
What is the highest common divisor of 816 and 1778064?
816
Calculate the greatest common factor of 1363656 and 210.
42
Calculate the highest common divisor of 188 and 487672.
188
Calculate the greatest common factor of 382786 and 3354.
86
What is the greatest common factor of 1551501 and 189?
189
What is the highest common divisor of 630 and 147105?
315
Calculate the highest common divisor of 5082 and 11187.
33
What is the greatest common factor of 1771 and 261646?
77
Calculate the greatest common divisor of 36 and 51804.
36
What is the greatest common factor of 62596 and 14?
2
Calculate the highest common factor of 6475 and 115675.
175
Calculate the highest common factor of 1045 and 80047.
209
Calculate the greatest common divisor of 3784000 and 44.
44
Calculate the highest common divisor of 1386 and 1078.
154
What is the highest common factor of 128028 and 648?
12
Calculate the highest common factor of 12615 and 2760.
15
What is the greatest common divisor of 5295 and 480?
15
What is the highest common divisor of 51 and 253181?
17
Calculate the greatest common divisor of 1785 and 18530.
85
Calculate the highest common factor of 4500 and 1185.
15
Calculate the highest common factor of 154 and 506590.
14
Calculate the greatest common divisor of 3640 and 618520.
280
What is the highest common factor of 7816 and 28?
4
What is the highest common divisor of 105876 and 774?
18
What is the highest common divisor of 25317 and 2349?
261
What is the highest common factor of 80 and 421?
1
What is the greatest common factor of 99 and 42306?
33
Calculate the highest common factor of 539 and 175021.
77
What is the greatest common factor of 201828 and 660?
132
What is the greatest common divisor of 22 and 99231?
11
What is the greatest common factor of 408114 and 5904?
738
Calculate the greatest common divisor of 136971 and 69331.
1691
Calculate the highest common divisor of 790 and 460175.
395
Calculate the greatest common divisor of 76944 and 224.
112
Calculate the greatest common factor of 159154 and 34.
34
What is the greatest common divisor of 37900 and 40?
20
What is the greatest common factor of 36 and 9002628?
36
Calculate the highest common divisor of 278 and 336380.
278
Calculate the greatest common divisor of 14378364 and 12.
12
Calculate the greatest common factor of 2400 and 2158560.
480
What is the greatest common divisor of 49901 and 123137?
359
What is the highest common divisor of 331362 and 2214?
738
What is the highest common factor of 348033 and 42?
21
Calculate the highest common factor of 61264 and 17584.
112
What is the highest common divisor of 138 and 39376?
46
What is the highest common divisor of 1822 and 9?
1
What is the highest common factor of 25322 and 166895?
1151
Calculate the highest common factor of 343 and 1569568.
343
Calculate the greatest common divisor of 2162 and 16.
2
What is the highest common factor of 12 and 4530?
6
What is the highest common factor of 7843 and 230?
23
Calculate the highest common divisor of 276 and 168108.
12
What is the greatest common divisor of 230 and 178135?
115
What is the greatest common divisor of 864 and 59049?
27
Calculate the highest common divisor of 384 and 2177280.
384
What is the greatest common factor of 1968 and 15896?
8
Calculate the greatest common factor of 747